160?
13
What is the remainder when 259 is divided by 20?
19
What is the remainder when 394 is divided by 125?
19
What is the remainder when 882 is divided by 295?
292
Calculate the remainder when 2044 is divided by 54.
46
What is the remainder when 137 is divided by 132?
5
Calculate the remainder when 1044 is divided by 40.
4
What is the remainder when 688 is divided by 52?
12
Calculate the remainder when 710 is divided by 5.
0
What is the remainder when 103 is divided by 8?
7
What is the remainder when 628 is divided by 45?
43
What is the remainder when 49 is divided by 6?
1
Calculate the remainder when 1334 is divided by 14.
4
Calculate the remainder when 18 is divided by 1.
0
Calculate the remainder when 404 is divided by 45.
44
Calculate the remainder when 27024 is divided by 297.
294
Calculate the remainder when 1358 is divided by 672.
14
What is the remainder when 2781 is divided by 48?
45
What is the remainder when 215 is divided by 54?
53
What is the remainder when 21223 is divided by 283?
281
What is the remainder when 102 is divided by 44?
14
What is the remainder when 78 is divided by 12?
6
Calculate the remainder when 14 is divided by 6.
2
Calculate the remainder when 6069 is divided by 22.
19
Calculate the remainder when 43 is divided by 15.
13
What is the remainder when 66 is divided by 40?
26
What is the remainder when 521 is divided by 31?
25
Calculate the remainder when 1504 is divided by 101.
90
What is the remainder when 20 is divided by 16?
4
Calculate the remainder when 199 is divided by 30.
19
What is the remainder when 189 is divided by 112?
77
Calculate the remainder when 213 is divided by 36.
33
What is the remainder when 3207 is divided by 1?
0
Calculate the remainder when 1047 is divided by 25.
22
Calculate the remainder when 370 is divided by 79.
54
What is the remainder when 776 is divided by 89?
64
What is the remainder when 779 is divided by 12?
11
Calculate the remainder when 676 is divided by 294.
88
What is the remainder when 39815 is divided by 24?
23
Calculate the remainder when 207 is divided by 81.
45
What is the remainder when 659 is divided by 44?
43
What is the remainder when 3211 is divided by 17?
15
What is the remainder when 6067 is divided by 46?
41
What is the remainder when 76 is divided by 8?
4
Calculate the remainder when 44 is divided by 21.
2
What is the remainder when 39 is divided by 13?
0
What is the remainder when 817 is divided by 262?
31
Calculate the remainder when 1654 is divided by 518.
100
What is the remainder when 5968 is divided by 5?
3
What is the remainder when 22 is divided by 18?
4
What is the remainder when 4405 is divided by 210?
205
What is the remainder when 187 is divided by 38?
35
Calculate the remainder when 1471 is divided by 82.
77
What is the remainder when 1599 is divided by 529?
12
Calculate the remainder when 6369 is divided by 14.
13
What is the remainder when 289 is divided by 59?
53
What is the remainder when 51 is divided by 6?
3
Calculate the remainder when 786 is divided by 164.
130
Calculate the remainder when 1202 is divided by 83.
40
Calculate the remainder when 1159 is divided by 8.
7
Calculate the remainder when 19 is divided by 3.
1
Calculate the remainder when 61 is divided by 29.
3
Calculate the remainder when 6184 is divided by 35.
24
Calculate the remainder when 729 is divided by 73.
72
What is the remainder when 4598 is divided by 1144?
22
What is the remainder when 784 is divided by 44?
36
Calculate the remainder when 9 is divided by 3.
0
Calculate the remainder when 125 is divided by 111.
14
What is the remainder when 72 is divided by 37?
35
Calculate the remainder when 1305 is divided by 55.
40
What is the remainder when 1524 is divided by 260?
224
Calculate the remainder when 283 is divided by 12.
7
What is the remainder when 178 is divided by 103?
75
What is the remainder when 2203 is divided by 569?
496
Calculate the remainder when 3395 is divided by 40.
35
What is the remainder when 1076 is divided by 351?
23
What is the remainder when 662 is divided by 7?
4
What is the remainder when 1915 is divided by 137?
134
What is the remainder when 135 is divided by 28?
23
Calculate the remainder when 114 is divided by 65.
49
Calculate the remainder when 17201 is divided by 47.
46
What is the remainder when 182 is divided by 66?
50
Calculate the remainder when 259 is divided by 42.
7
What is the remainder when 90 is divided by 19?
14
What is the remainder when 906 is divided by 14?
10
Calculate the remainder when 12999 is divided by 100.
99
Calculate the remainder when 6263 is divided by 1565.
3
What is the remainder when 102 is divided by 36?
30
Calculate the remainder when 199 is divided by 24.
7
What is the remainder when 32 is divided by 5?
2
What is the remainder when 676 is divided by 14?
4
What is the remainder when 74 is divided by 4?
2
Calculate the remainder when 47 is divided by 10.
7
What is the remainder when 238 is divided by 147?
91
What is the remainder when 2260 is divided by 17?
16
Calculate the remainder when 1002 is divided by 995.
7
What is the remainder when 921 is divided by 841?
80
What is the remainder when 6655 is divided by 64?
63
What is the remainder when 281 is divided by 19?
15
Calculate the remainder when 193 is divided by 166.
27
Calculate the remainder when 1477 is divided by 29.
27
Calculate the remainder when 876 is divided by 21.
15
What is the remainder when 10046 is divided by 67?
63
Calculate the remainder when 946 is divided by 305.
31
Calculate the remainder when 75 is divided by 67.
8
What is the remainder when 111 is divided by 38?
35
Calculate the remainder when 172 is divided by 76.
20
What is the remainder when 217 is divided by 55?
52
What is the remainder when 210 is divided by 33?
12
What is the remainder when 215 is divided by 5?
0
What is the remainder when 1844 is divided by 34?
8
What is the remainder when 145 is divided by 22?
13
Calculate the remainder when 937 is divided by 157.
152
What is the remainder when 109 is divided by 17?
7
Calculate the remainder when 11999 is divided by 400.
399
What is the remainder when 1933 is divided by 477?
25
What is the remainder when 308 is divided by 187?
121
Calculate the remainder when 363 is divided by 58.
15
Calculate the remainder when 296 is divided by 27.
26
Calculate the remainder when 30 is divided by 7.
2
What is the remainder when 374 is divided by 18?
14
What is the remainder when 67 is divided by 25?
17
Calculate the remainder when 211 is divided by 85.
41
Calculate the remainder when 1215 is divided by 63.
18
What is the remainder when 260 is divided by 92?
76
What is the remainder when 1598 is divided by 530?
8
What is the remainder when 1910 is divided by 39?
38
Calculate the remainder when 89 is divided by 31.
27
What is the remainder when 143 is divided by 6?
5
Calculate the remainder when 628 is divided by 37.
36
What is the remainder when 919 is divided by 5?
4
Calculate the remainder when 477 is divided by 152.
21
Calculate the remainder when 462 is divided by 58.
56
Calculate the remainder when 144 is divided by 15.
9
What is the remainder when 4505 is divided by 3?
2
What is the remainder when 517 is divided by 48?
37
Calculate the remainder when 14 is divided by 7.
0
Calculate the remainder when 142 is divided by 36.
34
Calculate the remainder when 129 is divided by 58.
13
Calculate the remainder when 449 is divided by 201.
47
What is the remainder when 41624 is divided by 375?
374
What is the remainder when 484 is divided by 54?
52
Calculate the remainder when 355 is divided by 17.
15
Calculate the remainder when 120 is divided by 24.
0
Calculate the remainder when 2971 is divided by 7.
3
Calculate the remainder when 126 is divided by 28.
14
Calculate the remainder when 82 is divided by 47.
35
What is the remainder when 1413 is divided by 22?
5
Calculate the remainder when 59 is divided by 30.
29
What is the remainder when 2164 is divided by 57?
55
What is the remainder when 259 is divided by 24?
19
What is the remainder when 12 is divided by 4?
0
Calculate the remainder when 96 is divided by 35.
26
Calculate the remainder when 25754 is divided by 85.
84
Calculate the remainder when 122 is divided by 46.
30
What is the remainder